ainder when y is divided by 22.
21
Let d(h) = h**2 + 17*h - 33. Calculate the remainder when d(-27) is divided by 48.
45
Suppose 0 = 3*o + 2*k - 202, 3*o - 187 = -5*k + 21. Calculate the remainder when o is divided by 17.
15
Suppose 5*g = -2 + 57. Calculate the remainder when 130 is divided by g.
9
Suppose -i = 2*s + 1 - 0, 0 = 4*i + 2*s - 14. What is the remainder when 28 is divided by i?
3
Let q be (-1)/(-4) - (-54)/(-24). Let r be 48/(-27) + q/9. Let a(s) = -3*s**3 - 2*s**2 + s - 1. Calculate the remainder when 24 is divided by a(r).
11
Let h = 22 + -6. What is the remainder when h is divided by 10?
6
Let s(r) = -2*r + 4. Suppose 3*a - 13 = -31. What is the remainder when s(a) is divided by 6?
4
Suppose -1 = 5*c - 11. Suppose -3*q + c*q = -20. What is the remainder when q is divided by 11?
9
Let o = -9 - -36. Suppose 0 = 4*m + 7 - o. Calculate the remainder when (-256)/(-20) + 12/(-15) is divided by m.
2
Let w(v) = -4*v**3 - 4*v**2 - 5*v + 2. Let u(o) = -o**3 - o**2. Let j(h) = 5*u(h) - w(h). Calculate the remainder when j(-4) is divided by 9.
8
Let n(x) = 2*x**2 - x - 9. Let y be n(0). Let l be 0 - (1 - 32)*1. Let q = l - y. Calculate the remainder when q is divided by 14.
12
Let p = 23 - 8. What is the remainder when p is divided by 2?
1
Suppose 15 = 3*o - 12. What is the remainder when (-13 + 8)/(1/(-5)) is divided by o?
7
Suppose -29 - 3 = -2*f. What is the remainder when f is divided by 5?
1
Suppose -4*x - q - 5 = 0, -5 = 5*x + 3*q - 4. Let a = x + 7. Suppose 2*l = -l + 27. What is the remainder when l is divided by a?
4
Let g = -16 - -33. Let b = 29 - g. Calculate the remainder when b is divided by 4.
0
Let r be 2/(-4) + 105/(-6). Let g = r + 38. Calculate the remainder when g is divided by ((-22)/4)/(1/(-2)).
9
Let q be 6/12*(-2 + 2). Suppose q = -f + 2*p - 0*p + 2, f - 14 = -p. Calculate the remainder when f is divided by 3.
1
Let a = -33 + 38. Calculate the remainder when 27 is divided by a.
2
Let b be 2/(-10) - (-28)/(-10). Let q = b - -8. Let x(y) = -y**3 + 5*y**2 + y - 2. Calculate the remainder when x(4) is divided by q.
3
Suppose 80 = 2*o + 3*o + 2*m, -3*m - 69 = -3*o. Calculate the remainder when 33 is divided by o.
15
Let d = -67 + 146. Let y(s) = s**3 - 3*s**2 - 8*s + 6. Calculate the remainder when d is divided by y(5).
15
Let b be (-57)/2*(-8)/12. Suppose i + 2*u - b = 0, -3*i - 5*u + 60 = -0*i. What is the remainder when i is divided by 7?
4
Let h(a) = a**3 + 4*a**2 + 3*a. Let m be 3*2/(-9)*3. Let d be h(m). What is the remainder when 22 is divided by 8*(-9)/(-12)*d?
10
Let s(d) = -6*d**3 + 12*d**2 - 8*d - 4. Let q(m) = -5*m**3 + 11*m**2 - 7*m - 3. Let c(p) = 5*q(p) - 4*s(p). Calculate the remainder when c(6) is divided by 11.
8
Let c = -4 - -7. Let l(z) = -4*z - 4. Let s be l(c). Let p = s + 53. Calculate the remainder when p is divided by 19.
18
Calculate the remainder when 82 is divided by (-25 + 4)*(-3 - -2).
19
Suppose -u = 3*u - 12. Suppose 10 = -u*l - 2*l, -3*l = 5*c - 109. What is the remainder when 43 is divided by c?
20
Let t(c) be the first derivative of c**2/2 - 1. Let y be t(1). Calculate the remainder when 1 + 33/y + 0 is divided by 12.
10
Let z(t) = t**3 - 4*t**2 + 4*t - 3. Let f be z(5). Let r = f - 30. What is the remainder when 33 is divided by r?
9
Let n = 8 + -7. Let v(z) = 7*z**2 + 1. What is the remainder when v(-1) is divided by (3 + 2)*(n + 0)?
3
Let w = -29 - -53. What is the remainder when 117 is divided by w?
21
Let h = 521 - 228. Calculate the remainder when h is divided by 74.
71
Suppose -x + 2*b + 1 - 2 = 0, 0 = 3*x + b - 4. Suppose -x + 7 = w. Calculate the remainder when 23 is divided by w.
5
Let f = 13 + -3. What is the remainder when 18 is divided by f?
8
Suppose 3*x + 2 - 11 = 0. Suppose 0 = 2*f + 2, 5*i - x*f = 73. Suppose -5*m + 101 + 29 = 0. What is the remainder when m is divided by i?
12
Let v(s) = 58*s**2 - 3*s + 2. Calculate the remainder when v(1) is divided by 31.
26
Suppose -z + 4*l = z - 8, -z + 1 = l. Let p(d) = 2*d + 3*d**z + 0*d**2 + 5*d**3 - 3*d**3 - 5*d**2 + 1. What is the remainder when p(2) is divided by 7?
6
Let w = -2 + 5. Suppose -2*d + d = -w. Calculate the remainder when 7 is divided by d.
1
Let c(l) = l**2 - 2. Let r be (-48)/(-10)*40/12. Suppose -4*j + r = -0*j. What is the remainder when 27 is divided by c(j)?
13
Let q = -48 + 114. Suppose -q = 2*v - 4*v. Calculate the remainder when v is divided by 12.
9
Let k = -9 + 12. Calculate the remainder when 13 is divided by k.
1
Suppose 5 = -l + 2*q, 8*l - 4*q = 4*l - 4. What is the remainder when 6 is divided by l?
0
Let p(y) = y + 2. Suppose 0 = -4*i + 2*h - h - 6, -4*i + 5*h = 14. Calculate the remainder when 14/i*12/(-14) is divided by p(5).
5
Suppose 60 = 2*l + l - 3*i, 0 = 5*l + 4*i - 64. Let d = -194 - -200. Calculate the remainder when l is divided by d.
4
Let r(x) = -x**2 - 8*x + 8. Calculate the remainder when r(-8) is divided by 3.
2
Let r be (-20)/3 + (-10)/(-15). Let q(x) = 52*x**3 - x**2. Let u be q(1). Let p = u + r. Calculate the remainder when p is divided by 16.
13
Let o = 55 - -12. What is the remainder when o is divided by 14?
11
Suppose 2*t = 26 - 10. Suppose 9*x - 11*x + 6 = 0. Suppose x*r - 17 = 25. What is the remainder when r is divided by t?
6
Suppose 0*m + 60 = 4*m. Calculate the remainder when m is divided by ((-24)/15)/(1/(-5)).
7
Suppose 0 = 2*a + 4*r + 6, 4*a + 0*r = -3*r + 13. Calculate the remainder when 27 is divided by a.
6
Suppose 0*j + j - 4 = 0, -i + 4*j = 11. Suppose -i*p + 50 = -0*p. Calculate the remainder when p is divided by 6.
4
Let g(o) = 6*o - 1. Let u(c) = -3*c. Let d(y) = 3*g(y) + 7*u(y). What is the remainder when d(-5) is divided by 7?
5
Calculate the remainder when (-610)/(-15) - 3/(-9) is divided by 21.
20
Let a be (-5 + 1)*(-3)/(-4). Let s = 0 - a. What is the remainder when 28 is divided by ((-10)/s)/((-3)/9)?
8
Suppose 0*i + 2*i - 84 = 0. Suppose 5*s = -0*s - 2*a + i, -3*a + 35 = 4*s. What is the remainder when s is divided by 3?
2
Let r(a) = 2*a**3 + 3*a**2 - 7*a - 4. Let g(p) = -p**3 + p + 1. Let f(c) = -3*g(c) - r(c). What is the remainder when 37 is divided by f(3)?
11
Let o = -129 + 167. What is the remainder when o is divided by (-89)/(-7) - (-8)/28?
12
Suppose 0 = -2*s - 3*f + 7, 0 = -2*s + 3*s - 2*f. Suppose -4*m = -5*x + s + 10, -5*m = -x - 6. What is the remainder when (-1)/(0 - (-1)/(-7)) is divided by x?
3
Calculate the remainder when (-2 + -36)*3/(-6) is divided by 3.
1
Suppose 0 = 7*f - 6*f - 10. What is the remainder when 19 is divided by f?
9
Let n = 52 - 41. Calculate the remainder when 65 is divided by n.
10
Suppose 0 = 2*k - 23 + 5. Let b = 3 - 1. Suppose -2*x - b*i = i - 39, 0 = x - i - 12. What is the remainder when x is divided by k?
6
Suppose 72 = 11*p - 7*p. Let q(b) = 8*b**2 + b. What is the remainder when q(2) is divided by p?
16
Let t(u) = 5*u**2 - 3*u - 1. What is the remainder when 27 is divided by t(-1)?
6
Let z = -159 + 188. Calculate the remainder when z is divided by 8.
5
Suppose -x - x = -14. Suppose k + 4*f - 19 = 0, -2*f + 6*f = k - 19. What is the remainder when k is divided by x?
5
What is the remainder when 26 is divided by ((1 - 0) + 2)*(-33)/(-9)?
4
Let o be (-2)/(-11) + (-40)/(-22). Let m = 11 - o. What is the remainder when m is divided by 3?
0
Let p(r) = -r**2 - 7*r + 10. Let u be p(-8). Let z be (5/2)/(u/12). Suppose 4*k + k = -z, 4*k = 5*m - 97. Calculate the remainder when 32 is divided by m.
15
Suppose -a + 12 = 8. Let v(l) = 3*l - 2. Calculate the remainder when v(4) is divided by a.
2
Suppose 0 = 4*j + v - 6*v + 48, -4*j - 48 = -2*v. Let n = -7 - j. Let z(u) = u**3 + 6*u**2 + 5*u + 2. What is the remainder when n is divided by z(-5)?
1
Let s be 2/(2/(40/(-2))). Let a = 95 + s. Calculate the remainder when a is divided by 19.
18
Calculate the remainder when -4 - (2 - 3 - 0) - -62 is divided by 15.
14
Calculate the remainder when 9 is divided by (2 - -3) + (-9 - -7).
0
What is the remainder when (-3 - 6)/(-3) + (-6)/(-1) is divided by 2?
1
Let b = 30 - 11. Calculate the remainder when b is divided by (-2)/(-8) - (-19)/4.
4
Suppose -5*d - 127 = 4*q, -q - 5 = -2. Let r = d - -36. Suppose -5*f + 5*w = -0*w - 5, 7 = 3*f - 2*w. What is the remainder when r is divided by f?
3
Let b = 11 + -6. Suppose b*l = 46 - 11. Wh